
-1116b
What is -2013234 (base 6) in base 3?
-11211210111
42734 (base 12) to base 8
252630
What is -18359 (base 11) in base 14?
-952c
Convert -3217 (base 14) to base 9.
-12765
What is ac55 (base 13) in base 16?
5e04
Convert 4151252 (base 6) to base 14.
53476
What is 2230223011 (base 4) in base 9?
1287164
What is 1512730 (base 9) in base 7?
10046163
Convert -120358 (base 13) to base 15.
-8719a
What is -230220501 (base 7) in base 15?
-1374a13
What is -1999a (base 16) in base 11?
-71866
What is 47e83 (base 16) in base 2?
1000111111010000011
-7701134 (base 9) to base 2
-1111110001010101111111
Convert 143ab8 (base 13) to base 9.
832534
What is -296ec (base 16) in base 5?
-20412313
What is 1000101001011010010101000 (base 2) in base 11?
a266532
Convert -33021130301 (base 4) to base 10.
-3970865
Convert -120001221010 (base 3) to base 8.
-1103314
Convert -10242141 (base 5) to base 6.
-1511323
2036117 (base 14) to base 9
31523120
-86710 (base 12) to base 8
-532174
-40cb0a (base 16) to base 6
-231002414
1506360 (base 7) to base 6
4212043
Convert -147303 (base 8) to base 11.
-3684a
Convert 59661 (base 11) to base 13.
30198
Convert -1234627 (base 8) to base 14.
-8cb0b
Convert 2633b (base 13) to base 15.
15ee1
3113230103 (base 4) to base 8
3275423
-711791 (base 13) to base 6
-132221022
What is -19a05 (base 15) in base 13?
-2bb83
Convert -50520 (base 11) to base 2.
-10010000001101000
Convert 578803 (base 9) to base 2.
1010100111000000111
-2548081 (base 9) to base 14
-282936
Convert -1100110011001011 (base 2) to base 7.
-305564
-10301603 (base 7) to base 6
-30425032
What is -6ac6e (base 16) in base 9?
-735843
What is -1023252 (base 6) in base 5?
-3100000
-20402353 (base 6) to base 4
-2100122331
What is 1c10a (base 14) in base 4?
101131332
Convert -34041015 (base 6) to base 16.
-fbea3
What is 39556 (base 13) in base 2?
11001111110000100
What is 2121121212 (base 3) in base 2?
1100100100011101
What is 21111002101012 (base 3) in base 12?
13b9aab
What is -170870 (base 11) in base 2?
-1000000100110000111
-2205526 (base 8) to base 3
-1010010001211
-1465503 (base 7) to base 2
-110001001000011110
What is 233203103302 (base 4) in base 12?
421192a
Convert -13334024 (base 5) to base 2.
-100001011000111100
Convert -12467347 (base 8) to base 7.
-32431406
What is -1212210200010 (base 3) in base 14?
-1c05ac
What is 1000355 (base 7) in base 12?
58238
Convert -5611503 (base 8) to base 13.
-40c438
What is -45334362 (base 7) in base 16?
-3c24e4
-3022103 (base 6) to base 3
-21021012110
What is -413413532 (base 6) in base 14?
-d497c4
-1433023314 (base 5) to base 8
-16373070
What is 353bb (base 12) in base 9?
117868
-29339 (base 14) to base 5
-11232132
-6845783 (base 9) to base 7
-43243410
Convert -1432264 (base 7) to base 8.
-570616
What is -55a2 (base 11) in base 16?
-1ccc
Convert 105240 (base 10) to base 7.
615552
Convert -34202512 (base 6) to base 4.
-3332202230
What is 373387 (base 9) in base 7?
1626451
Convert -5046412 (base 7) to base 6.
-20510144
Convert -10599 (base 11) to base 7.
-62523
What is 1086048 (base 10) in base 12?
444600
What is -958658 (base 12) in base 3?
-11102210110112
Convert 165776 (base 13) to base 11.
349a17
-26116414 (base 7) to base 9
-4418121
-4345322 (base 6) to base 7
-1560503
Convert -10111333 (base 4) to base 8.
-42577
What is 2931747 (base 13) in base 3?
220121202101120
What is 7e13 (base 16) in base 10?
32275
Convert 24421214 (base 5) to base 16.
38cec
1230023320 (base 5) to base 9
5526631
Convert -29a20 (base 16) to base 4.
-221220200
Convert -5323314 (base 6) to base 2.
-111111011101111110
Convert 92e606 (base 16) to base 12.
328331a
-1105344 (base 7) to base 15
-2a600
19295 (base 13) to base 2
1011111010011010
Convert 2220221210212 (base 3) to base 7.
16131605
What is -169170 (base 10) in base 14?
-45918
-13230302 (base 5) to base 10
-133202
Convert b51122 (base 12) to base 4.
22312001222
111110000000001 (base 2) to base 3
1121112202
Convert -11230430 (base 5) to base 14.
-29250
What is 66647 (base 16) in base 13?
118b86
Convert 228008 (base 14) to base 13.
321747
Convert 888060 (base 13) to base 12.
10b1486
-863121 (base 9) to base 11
-321234
Convert -320272 (base 8) to base 12.
-518a2
Convert -4b2405 (base 12) to base 7.
-13301414
-499c91 (base 14) to base 3
-11202020120110
What is 2021041 (base 6) in base 11?
66265
31032511 (base 6) to base 9
1607157
Convert 22040223 (base 5) to base 11.
11a885
25e33 (base 15) to base 16
1d9eb
Convert -6244735 (base 8) to base 11.
-a32185
What is 125154 (base 7) in base 10?
23412
What is 617374 (base 8) in base 16?
31efc
What is -c48304 (base 16) in base 10?
-12878596
What is -110211113 (base 4) in base 11?
-58387
Convert -1626495 (base 11) to base 3.
-12020000120120
Convert -3a467a (base 12) to base 6.
-32340234
What is -2fa31 (base 16) in base 10?
-195121
Convert bc84e6 (base 15) to base 5.
4300114431
Convert 276b42 (base 14) to base 6.
45115142
-256d4 (base 15) to base 8
-351572
Convert 172135 (base 8) to base 11.
43000
Convert 383b9c (base 15) to base 8.
12221300
What is -12200222212222 (base 3) in base 9?
-5628788
Convert 110122011210 (base 4) to base 5.
2332142412
45394 (base 13) to base 3
20101122101
Convert 202520 (base 8) to base 2.
10000010101010000
Convert 2132130100 (base 4) to base 3.
1012222020011
Convert -12013332 (base 4) to base 16.
-61fe
-30a222b (base 12) to base 16
-8be8c3
What is -11210002121101 (base 3) in base 8?
-11542717
What is 34c080 (base 14) in base 4?
12313133300
Convert 27827 (base 13) to base 7.
425261
What is 111010011010111101 (base 2) in base 15?
4ad7d
What is -1408301 (base 9) in base 12?
-313901
What is 70348 (base 12) in base 8?
434350
What is 12a45a (base 16) in base 15?
191ed2
Convert -22455255 (base 7) to base 2.
-111011111010111001110
Convert -82502 (base 10) to base 14.
-220d0
Convert -3451316 (base 8) to base 12.
-393292
Convert -404101 (base 6) to base 8.
-76405
Convert 20000210222 (base 3) to base 6.
2313255
3b2fb (base 16) to base 13
86463
What is -99a426 (base 11) in base 8?
-6053252
4144320340 (base 5) to base 13
1a19475
-6558 (base 11) to base 7
-34142
Convert -8735620 (base 9) to base 6.
-244254543
What is 2220030211 (base 4) in base 5?
134021213
Convert -46f416 (base 16) to base 5.
-2142300011
-1013a0b (base 12) to base 7
-34420202
Convert 218262 (base 14) to base 13.
30a3a8
Convert 133a40 (base 12) to base 11.
1a777a
Convert -13212211 (base 5) to base 10.
-132181
12a11 (base 11) to base 4
10201131
Convert -4825 (base 9) to base 5.
-103322
-4423a (base 12) to base 13
-32089
Convert 110000101111101001111 (base 2) to base 11.
9a1058
2111212201 (base 3) to base 15
e9dd
144020 (base 15) to base 4
3232020231
-105524 (base 6) to base 2
-10001101011100
-154838 (base 10) to base 6
-3152502
What is -d5e9 (base 16) in base 13?
-1bc05
Convert 3351361 (base 7) to base 3.
210010111221
Convert 372ef (base 16) to base 2.
110111001011101111
Convert 474225 (base 9) to base 2.
1000101101000101000
-65776223 (base 8) to base 12
-48a75ab
Convert 10321110232 (base 4) to base 7.
13623421
What is 232534242 (base 6) in base 4?
100202213102
Convert -1432566 (base 7) to base 9.
-323740
What is -111230302 (base 4) in base 16?
-15b32
What is 37b122 (base 13) in base 2?
101000110101100111010
Convert 44184 (base 13) to base 15.
26809
56981 (base 12) to base 2
11100001011110001
9f62d (base 16) to base 11
406546
What is -10000110011010101 (base 2) in base 4?
-100303111
Convert -10331432 (base 7) to base 6.
-30522025
-1010110111101111100 (base 2) to base 3
-200002122100
Convert -1001201211110 (base 3) to base 5.
-121044311
-21982c (base 13) to base 11
-4a1302
What is ad54 (base 15) in base 4?
20332102
What is 3fee4d (base 16) in base 11?
2401925
-71592 (base 10) to base 11
-49874
-218886 (base 9) to base 6
-2451253
-a1a054 (base 13) to base 11
-2140661
What is 1935598 (base 10) in base 11?
1102275
2606c (base 14) to base 9
152088
Convert -1d83cd (base 14) to base 10.
-1059953
What is -2022002021120 (base 3) in base 13?
-33a2a8
-17d95 (base 16) to base 11
-67435
2973a (base 14) to base 16
19228
What is -206370 (base 8) in base 10?
-68856
What is 817786a (base 11) in base 4?
313012330303
Convert 2120012 (base 6) to base 10.
103688
What is -7913 (base 10) in base 12?
-46b5
-130441024 (b